emainder when 501 is divided by 195.
111
Calculate the remainder when 298 is divided by 19.
13
What is the remainder when 279 is divided by 100?
79
Calculate the remainder when 49 is divided by 14.
7
What is the remainder when 522 is divided by 257?
8
Calculate the remainder when 192 is divided by 26.
10
Calculate the remainder when 123 is divided by 7.
4
What is the remainder when 128 is divided by 50?
28
What is the remainder when 13 is divided by 13?
0
What is the remainder when 4097 is divided by 82?
79
What is the remainder when 237 is divided by 35?
27
Calculate the remainder when 166 is divided by 50.
16
What is the remainder when 118 is divided by 22?
8
Calculate the remainder when 1489 is divided by 10.
9
What is the remainder when 2661 is divided by 127?
121
Calculate the remainder when 78 is divided by 22.
12
What is the remainder when 72 is divided by 29?
14
What is the remainder when 232 is divided by 60?
52
What is the remainder when 3038 is divided by 29?
22
Calculate the remainder when 139 is divided by 83.
56
Calculate the remainder when 296 is divided by 75.
71
Calculate the remainder when 211 is divided by 114.
97
Calculate the remainder when 265 is divided by 30.
25
What is the remainder when 39999 is divided by 221?
219
Calculate the remainder when 228 is divided by 92.
44
Calculate the remainder when 540 is divided by 34.
30
Calculate the remainder when 73 is divided by 69.
4
What is the remainder when 94 is divided by 60?
34
What is the remainder when 1430 is divided by 183?
149
Calculate the remainder when 829 is divided by 268.
25
What is the remainder when 265 is divided by 50?
15
What is the remainder when 64 is divided by 5?
4
What is the remainder when 208 is divided by 24?
16
Calculate the remainder when 1420 is divided by 110.
100
Calculate the remainder when 2682 is divided by 79.
75
Calculate the remainder when 367 is divided by 10.
7
Calculate the remainder when 93 is divided by 24.
21
Calculate the remainder when 2416 is divided by 803.
7
Calculate the remainder when 764 is divided by 47.
12
Calculate the remainder when 1625 is divided by 323.
10
Calculate the remainder when 226 is divided by 19.
17
Calculate the remainder when 3447 is divided by 17.
13
Calculate the remainder when 527 is divided by 12.
11
What is the remainder when 1233 is divided by 313?
294
What is the remainder when 3796 is divided by 131?
128
Calculate the remainder when 2018 is divided by 337.
333
Calculate the remainder when 242 is divided by 42.
32
What is the remainder when 2155 is divided by 50?
5
Calculate the remainder when 353 is divided by 80.
33
Calculate the remainder when 67 is divided by 36.
31
What is the remainder when 4443 is divided by 26?
23
What is the remainder when 215 is divided by 72?
71
Calculate the remainder when 795 is divided by 14.
11
What is the remainder when 61 is divided by 32?
29
Calculate the remainder when 125 is divided by 37.
14
What is the remainder when 360 is divided by 115?
15
Calculate the remainder when 1781 is divided by 859.
63
What is the remainder when 389 is divided by 114?
47
What is the remainder when 139 is divided by 16?
11
Calculate the remainder when 219 is divided by 59.
42
Calculate the remainder when 4335 is divided by 181.
172
What is the remainder when 302 is divided by 38?
36
What is the remainder when 75 is divided by 39?
36
What is the remainder when 1865 is divided by 18?
11
What is the remainder when 21248 is divided by 132?
128
Calculate the remainder when 71 is divided by 30.
11
What is the remainder when 144 is divided by 51?
42
What is the remainder when 229 is divided by 30?
19
What is the remainder when 6587 is divided by 108?
107
Calculate the remainder when 787 is divided by 26.
7
Calculate the remainder when 267 is divided by 74.
45
Calculate the remainder when 213 is divided by 31.
27
Calculate the remainder when 2644 is divided by 2640.
4
What is the remainder when 70 is divided by 29?
12
Calculate the remainder when 12167 is divided by 34.
29
Calculate the remainder when 58 is divided by 32.
26
What is the remainder when 490 is divided by 56?
42
Calculate the remainder when 35 is divided by 19.
16
Calculate the remainder when 18 is divided by 8.
2
Calculate the remainder when 234 is divided by 14.
10
What is the remainder when 10092 is divided by 206?
204
Calculate the remainder when 6432 is divided by 33.
30
Calculate the remainder when 54 is divided by 4.
2
What is the remainder when 394 is divided by 40?
34
What is the remainder when 178 is divided by 14?
10
Calculate the remainder when 606 is divided by 8.
6
What is the remainder when 654 is divided by 4?
2
Calculate the remainder when 182 is divided by 38.
30
What is the remainder when 249 is divided by 119?
11
Calculate the remainder when 82 is divided by 17.
14
Calculate the remainder when 304 is divided by 77.
73
What is the remainder when 269 is divided by 53?
4
What is the remainder when 94 is divided by 22?
6
Calculate the remainder when 3054 is divided by 1017.
3
Calculate the remainder when 342 is divided by 23.
20
What is the remainder when 1688 is divided by 372?
200
What is the remainder when 79 is divided by 21?
16
Calculate the remainder when 100 is divided by 8.
4
What is the remainder when 1902 is divided by 323?
287
Calculate the remainder when 199 is divided by 101.
98
Calculate the remainder when 89 is divided by 13.
11
Calculate the remainder when 270 is divided by 16.
14
Calculate the remainder when 99 is divided by 56.
43
What is the remainder when 943 is divided by 106?
95
Calculate the remainder when 174 is divided by 44.
42
What is the remainder when 1049 is divided by 105?
104
Calculate the remainder when 2653 is divided by 879.
16
Calculate the remainder when 567 is divided by 84.
63
Calculate the remainder when 889 is divided by 254.
127
What is the remainder when 966 is divided by 121?
119
Calculate the remainder when 1316 is divided by 14.
0
What is the remainder when 339 is divided by 107?
18
Calculate the remainder when 333 is divided by 131.
71
Calculate the remainder when 110 is divided by 11.
0
Calculate the remainder when 328 is divided by 10.
8
What is the remainder when 839 is divided by 50?
39
What is the remainder when 39 is divided by 16?
7
Calculate the remainder when 1873 is divided by 398.
281
Calculate the remainder when 367 is divided by 46.
45
What is the remainder when 114 is divided by 9?
6
What is the remainder when 2453 is divided by 123?
116
Calculate the remainder when 338 is divided by 10.
8
What is the remainder when 132 is divided by 15?
12
What is the remainder when 381 is divided by 103?
72
What is the remainder when 456 is divided by 6?
0
What is the remainder when 166 is divided by 29?
21
Calculate the remainder when 347 is divided by 88.
83
Calculate the remainder when 239 is divided by 110.
19
Calculate the remainder when 1318 is divided by 655.
8
Calculate the remainder when 963 is divided by 236.
19
What is the remainder when 848 is divided by 19?
12
What is the remainder when 337 is divided by 86?
79
What is the remainder when 311 is divided by 310?
1
Calculate the remainder when 16 is divided by 3.
1
Calculate the remainder when 894 is divided by 100.
94
What is the remainder when 171 is divided by 31?
16
Calculate the remainder when 808 is divided by 257.
37
Calculate the remainder when 38 is divided by 6.
2
Calculate the remainder when 920 is divided by 342.
236
What is the remainder when 761 is divided by 24?
17
Calculate the remainder when 23 is divided by 15.
8
What is the remainder when 5731 is divided by 337?
2
Calculate the remainder when 219 is divided by 38.
29
What is the remainder when 9013 is divided by 54?
49
Calculate the remainder when 1220 is divided by 49.
44
Calculate the remainder when 1063 is divided by 36.
19
Calculate the remainder when 183 is divided by 46.
45
Calculate the remainder when 9906 is divided by 27.
24
What is the remainder when 683 is divided by 224?
11
What is the remainder when 303 is divided by 114?
75
Calculate the remainder when 2044 is divided by 51.
4
What is the remainder when 1025 is divided by 485?
55
Calculate the remainder when 45 is divided by 34.
11
What is the remainder when 166 is divid